72438907 a prime number?
True
Is 14719062257 composite?
True
Is 6677287 prime?
False
Is 21637457537 a prime number?
False
Is 1554374153 prime?
True
Is 29329062319 prime?
False
Is 92822076353 prime?
True
Is 1392676583 prime?
False
Is 214554661 a prime number?
False
Is 4083503293 prime?
False
Is 65973361063 a composite number?
False
Is 86082239273 a prime number?
True
Is 1111865063 a prime number?
True
Is 542697153 composite?
True
Is 149196511 prime?
True
Is 2457354103 a prime number?
True
Is 5425927367 composite?
True
Is 71614456919 a prime number?
True
Is 11119258651 a prime number?
True
Is 73529556739 composite?
True
Is 43167917329 a prime number?
True
Is 14397860767 a prime number?
True
Is 19843363711 composite?
False
Is 198555403741 prime?
True
Is 120456419 a composite number?
True
Is 8026419763 composite?
True
Is 31788724823 a prime number?
True
Is 5775615389 prime?
False
Is 50968075803 composite?
True
Is 645700369 prime?
False
Is 887810977 a prime number?
False
Is 789826771 a prime number?
False
Is 11053300253 composite?
True
Is 41466776231 a composite number?
True
Is 3725194027 composite?
True
Is 27813997699 a prime number?
False
Is 53916593557 prime?
True
Is 30724274507 a composite number?
False
Is 74155825157 a prime number?
True
Is 1954125769 prime?
True
Is 4542337799 a prime number?
False
Is 23326117303 a composite number?
True
Is 3768392321 a prime number?
True
Is 579174251 prime?
True
Is 37444621927 a prime number?
True
Is 108010792207 a prime number?
False
Is 3091346399 prime?
False
Is 22251502639 a composite number?
False
Is 1825448359 a prime number?
False
Is 844056179 a prime number?
False
Is 4211662479 prime?
False
Is 3809372243 a prime number?
True
Is 2643726845 a composite number?
True
Is 1623447673 prime?
False
Is 202300561 a prime number?
False
Is 107078273959 a composite number?
False
Is 6046587301 prime?
False
Is 7540610689 composite?
False
Is 12959222017 a prime number?
False
Is 4443028189 a composite number?
False
Is 1017410167 prime?
True
Is 96842794639 a prime number?
True
Is 6905040997 a prime number?
True
Is 8085209893 a prime number?
True
Is 4433925949 prime?
False
Is 8304224737 a prime number?
False
Is 18368599981 prime?
True
Is 17600505521 prime?
False
Is 37262551973 a composite number?
True
Is 8070000727 prime?
True
Is 4183888301 composite?
True
Is 27351677755 a prime number?
False
Is 13359050639 a prime number?
False
Is 4401939743 composite?
False
Is 285044151277 a prime number?
True
Is 55193207159 a composite number?
True
Is 293553319 composite?
False
Is 31360807 composite?
True
Is 9005535047 a prime number?
False
Is 1373823623 prime?
False
Is 6893097143 composite?
False
Is 3118758499 a prime number?
False
Is 146181198889 a prime number?
False
Is 5135894083 prime?
True
Is 5121653507 composite?
False
Is 152488409261 a composite number?
True
Is 246380831 composite?
False
Is 222039712783 composite?
True
Is 25982687 a prime number?
False
Is 8177588717 a prime number?
True
Is 1253263513 a prime number?
True
Is 7248431053 composite?
False
Is 65200275619 composite?
True
Is 5636541493 prime?
False
Is 33062174309 a prime number?
False
Is 14163292517 composite?
True
Is 52144371821 composite?
False
Is 3201213511 prime?
True
Is 39134900321 prime?
False
Is 837297193 a prime number?
False
Is 72784897 a prime number?
True
Is 6428990441 composite?
False
Is 8593561237 a prime number?
True
Is 3946130971 composite?
False
Is 15031072237 prime?
False
Is 5805984257 prime?
True
Is 313740709 composite?
False
Is 41919827 composite?
True
Is 57902409707 a composite number?
False
Is 107017274537 a composite number?
False
Is 1406948303 a prime number?
False
Is 128352469417 prime?
True
Is 141492896227 prime?
True
Is 2802606397 composite?
True
Is 469654715 prime?
False
Is 93407182273 a prime number?
True
Is 4782662771 composite?
False
Is 6442102651 prime?
True
Is 2181829237 composite?
True
Is 795969481 a composite number?
False
Is 1489898083 a composite number?
False
Is 1891056019 a composite number?
False
Is 37003246685 composite?
True
Is 2399797963 a composite number?
False
Is 5117084951 composite?
True
Is 34950920161 a prime number?
True
Is 1533189643 prime?
True
Is 248347620257 a composite number?
True
Is 9867252947 prime?
False
Is 80985615338 a prime number?
False
Is 5047879423 prime?
True
Is 70091099587 prime?
True
Is 30805029253 a composite number?
False
Is 9374706697 prime?
False
Is 5874905453 prime?
True
Is 457994957567 a composite number?
True
Is 107114367 prime?
False
Is 7280228273 a prime number?
False
Is 2435463391 a composite number?
False
Is 196409239447 a composite number?
False
Is 171973777 a composite number?
True
Is 791648881 a prime number?
False
Is 2326964911 composite?
False
Is 85601872911 a composite number?
True
Is 429872083 composite?
True
Is 2429577781 a composite number?
False
Is 25533646531 a composite number?
False
Is 5978770873 composite?
False
Is 1654415803 prime?
True
Is 27933848647 prime?
False
Is 39114163111 composite?
False
Is 4552230453 prime?
False
Is 795468097 a composite number?
True
Is 333107807 prime?
False
Is 286128607 a prime number?
True
Is 2563701481 prime?
False
Is 404196643 a composite number?
True
Is 2921577349 prime?
True
Is 155068092955 prime?
False
Is 8771405039 composite?
False
Is 5723041213 a composite number?
False
Is 22004199773 prime?
True
Is 4589755591 prime?
False
Is 77335273 a prime number?
True
Is 298541218 a prime number?
False
Is 5552804393 a composite number?
False
Is 13328241989 prime?
True
Is 5806723413 prime?
False
Is 17533095323 a composite number?
False
Is 466271297 a composite number?
True
Is 2228424133 composite?
True
Is 19250079601 prime?
True
Is 574430719 composite?
True
Is 2804477177 a prime number?
True
Is 22262373811 a composite number?
False
Is 5422918811 a composite number?
False
Is 47718479 composite?
True
Is 9047429843 a prime number?
False
Is 903375989 composite?
False
Is 2838082507 a prime number?
False
Is 4114103471 a prime number?
False
Is 333935977 a composite number?
False
Is 4790184253 a composite number?
False
Is 2411739503 a prime number?
False
Is 299835339 prime?
False
Is 90778091 prime?
False
Is 196928480377 prime?
True
Is 3499578377 prime?
True
Is 5339680463 composite?
True
Is 3457891403 a prime number?
True
Is 8644653917 a composite number?
False
Is 190537079 a composite number?
True
Is 106668103 a composite number?
False
Is 1720493899 prime?
True
Is 32313080561 prime?
False
Is 550659853 a prime number?
True
Is 12259975009 a prime number?
False
Is 2445718043 a composite number?
True
Is 12128313823 composite?
False
Is 90280403 a prime number?
True
Is 13495105807 a composite number?
False
Is 13972680677 a prime number?
False
Is 6874027681 prime?
False
Is 366650545 a prime number?
False
Is 314913593699 composite?
False
Is 282496819 a prime number?
False
Is 4663428727 a prime number?
False
Is 871455323 composite?
False
Is 1096351147 a prime number?
False
Is 273201263427 composite?
True
Is 1274280919 a prime number?
False
Is 1406115287 a prime number?
False
Is 9064499 a prime number?
False
Is 15176171 a prime number?
True
Is 521008409 a composite number?
True
Is 169197918473 a prime number?
False
Is 42800464303 prime?
True
Is 12925306903 prime?
False
Is 4328339039 prime?
False
Is 17385917161 composite?
True
Is 3434662461 prime?
False
Is 137780519 a prime number?
True
Is 585476543 composite?
False
Is 40043402071 a prime number?
False
Is 17803555249 a prime number?
False
Is 800291929 composite?
False
Is 3118703867 a composite number?
False
Is 1088770079 prime?
True
Is 71941117 a composite number?
True
Is 25271232331 composite?
False
Is 3785500021 prime?
True
Is 556970413 prime?
True
Is 5297140451 a composite number?
False
Is 13537288433 a prime number?
True
Is 11655353053 a composite number?
False
Is 10273778887 a composite number?
False
Is 29940806029 prime?
True
Is 3350429 composite?
False
Is 338786179 composite?
False
Is 1814259709 a composite number?
True
Is 6007272787 prime?
True
Is 450234559 a prime number?
False
Is 333784167 a composite number?
True
Is 2046974651 prime?
False
Is 3855728185 composite?
True
Is 80515054043 a prime number?
False
Is 535145077 a prime number?
True
Is 2337980699 a prime number?
True
Is 18391843001 prime?
False
Is 5971